pose 3829 = -59*d + 14862. What is the highest common divisor of d and p?
17
Let z be (-1786)/(-18) - ((-160)/(-72) - 2). What is the greatest common factor of 66 and z?
33
Let r be 3/(129/30 + -4). Suppose -12*p + 7*p + r = 0. What is the greatest common divisor of p and 18?
2
Suppose 2*d - 4*d = -38. Suppose -7*b - d = -96. Calculate the highest common factor of b and 1.
1
Let h(r) = 2*r**2 - 5*r - 20. Suppose 6*i = 2*i + 24. Let q be h(i). Calculate the greatest common divisor of 2 and q.
2
Let r(l) = 2*l**3 + 8*l**2 + l - 3. Let g be r(-3). What is the highest common factor of 294 and g?
6
Suppose -75*w + 74*w + 160 = 0. Calculate the highest common divisor of w and 80.
80
Let q(r) = -8*r - 152. Let t be q(-36). Let l = 8 + -5. Suppose -l*c - 7 = -x + 7, -63 = -4*x + 5*c. Calculate the greatest common divisor of t and x.
17
Let c be 5/((-30)/(-948)) - 8. Calculate the highest common factor of 20 and c.
10
Let j = 114 + 94. What is the greatest common divisor of j and 13?
13
Suppose 5*y + 23 - 108 = 0. Suppose -6*i + y = -1. Suppose -2*m - 54 = -5*t, 2*t + i*m - 34 = -2*t. What is the greatest common factor of 10 and t?
10
Let j = -12 + 17. Suppose 0 = 7*r - 115 + 10. Let x be ((-8)/(-10))/4 - (-12)/r. Calculate the greatest common factor of j and x.
1
Let g be (-9 - -9)/(-3 - -2). Let q(b) = b**2 - 2*b + 94. Let i be q(g). Calculate the greatest common divisor of i and 47.
47
Suppose c + 5 = -0*c, -f - 4*c = 4. Let t = -10 + -2. Let r = t - -28. Calculate the highest common divisor of f and r.
16
Let g = 8 - 9. Let r = g - -13. Let j = r + -4. What is the greatest common factor of j and 40?
8
Let o(b) = -5*b - 53. Let m be o(-73). Calculate the highest common divisor of 216 and m.
24
Let i be ((-7834)/(-10) - -1) + 276/(-690). What is the highest common divisor of 70 and i?
14
Let k be (-6)/(-8) - 126/8. Let n = k - -35. Calculate the highest common factor of n and 180.
20
Suppose 0 = -4*j - 42 + 62, 0 = n - 2*j. What is the highest common divisor of n and 830?
10
Let t(o) = -o**2 + o + 4. Suppose -p + 8 = 3*p. Let y be t(p). Suppose 5*n = -2*j + 68, -y*n + j = -0*j - 20. Calculate the highest common divisor of n and 30.
6
Let v be -3 - (-2 + 2*-7). Suppose 0 = 3*c - b + 3*b - 69, -4*b = 0. Let l = c - v. Calculate the highest common factor of l and 90.
10
Let h be (153/(-34))/((-1)/8). Suppose h = 5*c + 11, 2*i = 3*c + 15. Let t(x) = 5*x + 5. Let o be t(5). What is the highest common factor of o and i?
15
Let q = -9 + 11. Suppose 5*v = -4*a + 112, -5*a = -q*a - 2*v - 61. Let y = a - -15. What is the highest common factor of y and 95?
19
Suppose -21*p = 2*i - 22*p - 497, -4*p = i - 244. Calculate the highest common divisor of 155 and i.
31
Let k(b) = 8*b - 3. Let s be k(-6). Let h = -36 - s. What is the greatest common factor of 6 and h?
3
Let w = -3 - -4. Let p = 939 + -932. What is the greatest common factor of p and w?
1
Suppose 92 = 57*w - 706. Calculate the greatest common factor of 126 and w.
14
Let j(q) = q**3 + 10*q**2 + 4*q - 5. Let y be j(-10). Let l be y/(-2)*8/6. Calculate the highest common factor of 150 and l.
30
Let o be -10*((-3)/(-9) + -1)*-6. Let w be 5/15 + o/(-6). What is the greatest common factor of w and 7?
7
Let r be (0 - (-3 + -18))*9. Calculate the highest common factor of r and 7.
7
Let l be 36*(3/(-2) + 2). Suppose 0 = -4*r - a - 0*a + 573, r - 3*a = 153. Suppose 0 = -7*w + 6*w + r. Calculate the greatest common factor of w and l.
18
Let l be -223 + 5 + (3 - 5 - -1). Let g = -171 - l. What is the highest common divisor of g and 16?
16
Let n(w) = 2*w**2 - 13*w + 23. Let k be n(9). Let y be 36 - (0 - (-3 - -2)). Let d = k - y. What is the highest common divisor of d and 11?
11
Let p be 15*4/12 - -16. What is the highest common factor of 28 and p?
7
Suppose 0 = 4*d - 53 + 221. Let g = d + 83. Suppose -5*o + 44 = -g. Calculate the highest common divisor of 17 and o.
17
Let i = 31 + -9. Suppose 1709 = 151*j - 127*j - 667. Calculate the greatest common factor of j and i.
11
Let z = -8 - -16. Let m be (-2 - -1) + -4 + z. What is the greatest common factor of 24 and m?
3
Let s = -32 - -22. Let f be (-3)/15 + (-132)/s. What is the greatest common factor of 13 and f?
13
Suppose 0 = 5*s - 2*d - 21, 5*d - 4 = 4*s - 31. Let b = -1 + s. What is the greatest common factor of 10 and b?
2
Let l = -33 + 33. Suppose -a + 61 + 148 = l. Calculate the greatest common divisor of a and 19.
19
Let u(n) be the second derivative of n**3/6 + 23*n**2/2 - 12*n. Let c be u(-15). Calculate the highest common divisor of 24 and c.
8
Let h(s) = s**2 + 4. Let g be h(0). Suppose -g*y + 27 = -y. Let f(w) = 35*w**2 - w. Let b be f(-1). What is the greatest common factor of b and y?
9
Let y(z) = z**2 + 4*z + 43. Let n be y(-7). What is the greatest common factor of 208 and n?
16
Let c = -1 + 11. Let b be 152/26 + (-6)/(-39). Suppose b*f = 2*f + 100. What is the greatest common factor of f and c?
5
Let q = 264 - 128. What is the greatest common divisor of q and 32?
8
Suppose 0 = -5*c + 237 + 348. Let h(u) = -30*u + 9*u**2 + 6 - 25 - 7*u**2. Let a be h(16). Calculate the highest common divisor of c and a.
13
Suppose 4 = 2*q, 0 = -0*g - 5*g + 4*q + 122. Suppose g = 4*h + 3*d, -2*h - 3*d = -3 - 7. What is the greatest common factor of h and 20?
4
Suppose 3*o = -4 + 7, 2*j - 606 = 2*o. What is the greatest common factor of 19 and j?
19
Suppose 0 = 4*y - x + 114, -87 - 1 = 3*y - 2*x. Let m = -24 - y. Suppose -220 = 2*l - m*l. What is the highest common factor of 44 and l?
22
Suppose -4*i = g - 8*i - 41, -g = -5*i - 40. Let d(w) = 4*w - 4. Let q be d(3). Suppose 2*h - q = 2. What is the highest common divisor of h and g?
5
Let n = 1880 - 1454. What is the highest common divisor of 18 and n?
6
Let f(l) = l**2 - 34. Let g be f(-8). What is the greatest common factor of 6 and g?
6
Suppose -10*l + 9*l - b = -20, 3*l = 2*b + 45. What is the highest common factor of l and 1241?
17
Let x be 9 - (-1)/(-2*(-1)/(-4)). Suppose -2*s = -x*s + 200. What is the greatest common divisor of s and 5?
5
Suppose 7*y = 17 + 4. Suppose 190 = y*v + 2*l, l - 4*l - 78 = -v. Let t(i) = -6*i - 16. Let p be t(-10). What is the highest common factor of p and v?
22
Suppose 4*t = 187 - 167. Calculate the highest common factor of t and 355.
5
Suppose 5*c = 2420 - 980. Let o be (32/(-14))/(78/(-1092)). What is the highest common factor of o and c?
32
Let r be ((-12)/108*15)/(5/(-126)). Calculate the greatest common factor of 90 and r.
6
Suppose 4*h - 2*y = -3*y - 11, -h + 4*y - 7 = 0. Let g be (-14)/(-16) - h/24. What is the highest common factor of g and 5?
1
Suppose 3*w = -n, 3*n - 2*n + 4*w = -3. Let z be ((-56)/12)/((-3)/n). Calculate the highest common divisor of 224 and z.
14
Let m(o) = o**2 - 8*o - 35. Let p be m(-8). What is the highest common divisor of p and 3?
3
Let t = 315 + -279. What is the greatest common divisor of 8 and t?
4
Let s(b) = 2*b**2 - 8*b + 13. Let l be s(4). Let i = 58 - -85. Calculate the greatest common divisor of i and l.
13
Let p(g) = 5*g - 213. Let b be p(43). Calculate the highest common divisor of b and 5.
1
Let z(c) = 3*c**2 + c. Let a be z(-3). Let g be 5/((-15)/(-9)) + -20. Let t = g + a. Calculate the highest common factor of 77 and t.
7
Let o(x) = x**3 + 19*x**2 - 13*x - 182. Let s be o(-19). What is the greatest common divisor of 91 and s?
13
Let r be (2*-4)/(0 - 1). Let w = 154 + -142. What is the highest common factor of r and w?
4
Let q(l) = l - 13 - 10 - 7*l**3 + 21 + 3*l**2. Let h be q(-2). Calculate the highest common factor of 8 and h.
8
Let g = 13 - 9. Let n be (-188)/(-28) + g/14. Let j(i) = -i**2 + 6*i + 14. Let m be j(7). Calculate the highest common divisor of n and m.
7
Let u = -2 + -1. Let j be (-1410)/(-18) + (-2)/u. Let m be j - 4/(1 + 0). Calculate the highest common factor of m and 30.
15
Suppose w = 0, 0 = -2*h + w + 16 - 6. Calculate the greatest common divisor of h and 70.
5
Suppose -2*j = -5*j + 78. Let r = j + -14. Calculate the highest common factor of r and 6.
6
Suppose 29*g + 270 = 34*g. What is the greatest common factor of g and 24?
6
Let b(j) = 2*j**3 + 13*j**2 - j - 2. Suppose -2*f - 18 + 6 = 0. Let d be b(f). What is the highest common factor of d and 20?
20
Let n be 28 - (-4 + 4 - -3). Suppose -25*t = -30*t + n. Ca